{"id":1159,"date":"2018-06-20T07:54:23","date_gmt":"2018-06-20T07:54:23","guid":{"rendered":"http:\/\/www.sferaksiegowosci.pl\/index.php\/case-study\/"},"modified":"2024-08-01T09:09:40","modified_gmt":"2024-08-01T09:09:40","slug":"case-study","status":"publish","type":"page","link":"https:\/\/www.sferaksiegowosci.pl\/index.php\/case-study\/","title":{"rendered":"Cennik us\u0142ug"},"content":{"rendered":"\t\t<div data-elementor-type=\"wp-post\" data-elementor-id=\"1159\" class=\"elementor elementor-1159\">\n\t\t\t\t\t\t<section class=\"elementor-section elementor-top-section elementor-element elementor-element-bc29dc8 elementor-section-boxed elementor-section-height-default elementor-section-height-default\" data-id=\"bc29dc8\" data-element_type=\"section\">\n\t\t\t\t\t\t<div class=\"elementor-container elementor-column-gap-default\">\n\t\t\t\t\t<div class=\"aux-parallax-section elementor-column elementor-col-100 elementor-top-column elementor-element elementor-element-dcdd767\" data-id=\"dcdd767\" data-element_type=\"column\">\n\t\t\t<div class=\"elementor-widget-wrap elementor-element-populated\">\n\t\t\t\t\t\t<section class=\"elementor-section elementor-inner-section elementor-element elementor-element-813157c elementor-section-boxed elementor-section-height-default elementor-section-height-default\" data-id=\"813157c\" data-element_type=\"section\">\n\t\t\t\t\t\t<div class=\"elementor-container elementor-column-gap-default\">\n\t\t\t\t\t<div class=\"aux-parallax-section elementor-column elementor-col-50 elementor-inner-column elementor-element elementor-element-cd5b512\" data-id=\"cd5b512\" data-element_type=\"column\">\n\t\t\t<div class=\"elementor-widget-wrap elementor-element-populated\">\n\t\t\t\t\t\t<div class=\"elementor-element elementor-element-3f75281 elementor-widget elementor-widget-text-editor\" data-id=\"3f75281\" data-element_type=\"widget\" data-widget_type=\"text-editor.default\">\n\t\t\t\t<div class=\"elementor-widget-container\">\n\t\t\t\t\t\t\t\t\t<p>Ka\u017cdy z naszych klient\u00f3w wyceniany jest indywidualnie w zale\u017cno\u015bci od:\u00a0<\/p><ul><li>formy opodatkowania<\/li><li>ilo\u015bci dokument\u00f3w\u00a0<\/li><li>ilo\u015bci pracownik\u00f3w<\/li><li>wyst\u0119powania transakcji zagranicznych<\/li><\/ul><p>Je\u015bli chcieliby Pa\u0144stwo pozna\u0107 szczeg\u00f3\u0142ow\u0105 wycen\u0119 zapraszamy serdecznie do kontaktu. Na podstawie uzyskanych od Pa\u0144stwa informacji wycenimy us\u0142ug\u0119.\u00a0<\/p><p>Ponadto nasi klienci otrzymuj\u0105 szczeg\u00f3\u0142owy cennik us\u0142ug, aby mie\u0107 pewno\u015b\u0107 ile wyniesie cena za \u015bwiadczone przez nasze biuro us\u0142ugi.\u00a0<\/p><p>Ceny zaczynaj\u0105 si\u0119 do 250 z\u0142 netto.\u00a0<\/p><p>W cenie us\u0142ug przesy\u0142amy bie\u017c\u0105ce informacje oraz nowo\u015bci podatkowo-prawne.\u00a0<br \/>Udost\u0119pniamy r\u00f3wnie\u017c aplikacje do skanowania i przegl\u0105dania dokument\u00f3w.\u00a0<\/p><p>\u00a0<\/p>\t\t\t\t\t\t\t\t<\/div>\n\t\t\t\t<\/div>\n\t\t\t\t\t<\/div>\n\t\t<\/div>\n\t\t\t\t<div class=\"aux-parallax-section elementor-column elementor-col-50 elementor-inner-column elementor-element elementor-element-266160d\" data-id=\"266160d\" data-element_type=\"column\">\n\t\t\t<div class=\"elementor-widget-wrap elementor-element-populated\">\n\t\t\t\t\t\t<div class=\"elementor-element elementor-element-5d5d81b elementor-widget elementor-widget-aux_image\" data-id=\"5d5d81b\" data-element_type=\"widget\" data-widget_type=\"aux_image.default\">\n\t\t\t\t<div class=\"elementor-widget-container\">\n\t\t\t\t\t<section class=\"widget-container aux-widget-image aux-alignnone aux-parent-au884a7d85\">\n    <div class=\"aux-media-hint-frame \">\n        <div class=\"aux-media-image aux-hover-active aux-tilt-box aux-media-frame aux-lightbox-frame\" >\n                    <a class=\"aux-lightbox-btn\" href=\"https:\/\/www.sferaksiegowosci.pl\/wp-content\/uploads\/2021\/12\/calculations-pen-laptop-keyboard-accounting-gr-2021-08-30-18-43-16-utc-scaled.jpg\" data-elementor-open-lightbox=\"no\" data-original-width=\"2560\" data-original-height=\"1922\" data-caption=\"calculations-pen-laptop-keyboard-accounting-gr-2021-08-30-18-43-16-utc\" target=\"_self\"  >\n        \n                            <div class=\"aux-ribbon-wrapper aux-simple-ribbon top-right\">\n                    <span>Cennik Biura<\/span>\n                <\/div>\n            \n\n            \n                            <div class=\"aux-image-holder aux-image-has-secondary\">\n                    <img fetchpriority=\"high\" decoding=\"async\" width=\"1024\" height=\"1024\" src=\"data:image\/gif;base64,R0lGODlhAQABAIAAAAAAAP\/\/\/yH5BAEAAAAALAAAAAABAAEAAAIBRAA7\" class=\"aux-attachment aux-featured-image aux-attachment-id-1361 aux-preload aux-progress-box\" alt=\"calculations-pen-laptop-keyboard-accounting-gr-2021-08-30-18-43-16-utc\" data-ratio=\"1\" data-original-w=\"2560\" sizes=\"auto\" data-srcset=\"https:\/\/www.sferaksiegowosci.pl\/wp-content\/uploads\/2021\/12\/calculations-pen-laptop-keyboard-accounting-gr-2021-08-30-18-43-16-utc-150x150.jpg 150w,https:\/\/www.sferaksiegowosci.pl\/wp-content\/uploads\/2021\/12\/calculations-pen-laptop-keyboard-accounting-gr-2021-08-30-18-43-16-utc-300x300.jpg 300w,https:\/\/www.sferaksiegowosci.pl\/wp-content\/uploads\/2021\/12\/calculations-pen-laptop-keyboard-accounting-gr-2021-08-30-18-43-16-utc-768x768.jpg 768w,https:\/\/www.sferaksiegowosci.pl\/wp-content\/uploads\/2021\/12\/calculations-pen-laptop-keyboard-accounting-gr-2021-08-30-18-43-16-utc-1024x1024.jpg 1024w,https:\/\/www.sferaksiegowosci.pl\/wp-content\/uploads\/2021\/12\/calculations-pen-laptop-keyboard-accounting-gr-2021-08-30-18-43-16-utc-1024x1024.jpg 1024w\" data-src=\"https:\/\/www.sferaksiegowosci.pl\/wp-content\/uploads\/2021\/12\/calculations-pen-laptop-keyboard-accounting-gr-2021-08-30-18-43-16-utc-1024x1024.jpg\" \/>                    <img decoding=\"async\" width=\"1024\" height=\"1024\" src=\"data:image\/gif;base64,R0lGODlhAQABAIAAAAAAAP\/\/\/yH5BAEAAAAALAAAAAABAAEAAAIBRAA7\" class=\"aux-attachment aux-featured-image attachment-1024x1024 aux-attachment-id-1316  aux-preload aux-progress-box\" alt=\"Two busy businesswomen have unformal meeting outside, they are greeting one each other with handshake.\" data-ratio=\"1\" data-original-w=\"2560\" sizes=\"auto\" data-srcset=\"https:\/\/www.sferaksiegowosci.pl\/wp-content\/uploads\/2021\/11\/handshake-of-two-youngs-cooperative-workers-outsid-2021-08-28-02-00-21-utc-150x150.jpg 150w,https:\/\/www.sferaksiegowosci.pl\/wp-content\/uploads\/2021\/11\/handshake-of-two-youngs-cooperative-workers-outsid-2021-08-28-02-00-21-utc-300x300.jpg 300w,https:\/\/www.sferaksiegowosci.pl\/wp-content\/uploads\/2021\/11\/handshake-of-two-youngs-cooperative-workers-outsid-2021-08-28-02-00-21-utc-768x768.jpg 768w,https:\/\/www.sferaksiegowosci.pl\/wp-content\/uploads\/2021\/11\/handshake-of-two-youngs-cooperative-workers-outsid-2021-08-28-02-00-21-utc-1024x1024.jpg 1024w,https:\/\/www.sferaksiegowosci.pl\/wp-content\/uploads\/2021\/11\/handshake-of-two-youngs-cooperative-workers-outsid-2021-08-28-02-00-21-utc-1024x1024.jpg 1024w,https:\/\/www.sferaksiegowosci.pl\/wp-content\/uploads\/2021\/11\/handshake-of-two-youngs-cooperative-workers-outsid-2021-08-28-02-00-21-utc-scaled-2550x2550.jpg 2550w\" data-src=\"https:\/\/www.sferaksiegowosci.pl\/wp-content\/uploads\/2021\/11\/handshake-of-two-youngs-cooperative-workers-outsid-2021-08-28-02-00-21-utc-1024x1024.jpg\" \/>                <\/div>\n            \n                    <\/a>\n                <\/div>\n    <\/div>\n\n<\/section><!-- widget-container -->\t\t\t\t<\/div>\n\t\t\t\t<\/div>\n\t\t\t\t\t<\/div>\n\t\t<\/div>\n\t\t\t\t\t<\/div>\n\t\t<\/section>\n\t\t\t\t\t<\/div>\n\t\t<\/div>\n\t\t\t\t\t<\/div>\n\t\t<\/section>\n\t\t\t\t<\/div>\n\t\t","protected":false},"excerpt":{"rendered":"<p>Ka\u017cdy z naszych klient\u00f3w wyceniany jest indywidualnie w zale\u017cno\u015bci od:\u00a0 formy opodatkowania ilo\u015bci dokument\u00f3w\u00a0 ilo\u015bci pracownik\u00f3w wyst\u0119powania transakcji zagranicznych Je\u015bli chcieliby Pa\u0144stwo pozna\u0107 szczeg\u00f3\u0142ow\u0105 wycen\u0119 zapraszamy serdecznie do kontaktu. Na podstawie uzyskanych od Pa\u0144stwa informacji wycenimy us\u0142ug\u0119.\u00a0 Ponadto nasi klienci otrzymuj\u0105 szczeg\u00f3\u0142owy cennik us\u0142ug, aby mie\u0107 pewno\u015b\u0107 ile wyniesie cena za \u015bwiadczone przez nasze biuro [&hellip;]<\/p>\n","protected":false},"author":1,"featured_media":0,"parent":0,"menu_order":0,"comment_status":"closed","ping_status":"closed","template":"","meta":{"footnotes":""},"class_list":["post-1159","page","type-page","status-publish","hentry"],"_links":{"self":[{"href":"https:\/\/www.sferaksiegowosci.pl\/index.php\/wp-json\/wp\/v2\/pages\/1159","targetHints":{"allow":["GET"]}}],"collection":[{"href":"https:\/\/www.sferaksiegowosci.pl\/index.php\/wp-json\/wp\/v2\/pages"}],"about":[{"href":"https:\/\/www.sferaksiegowosci.pl\/index.php\/wp-json\/wp\/v2\/types\/page"}],"author":[{"embeddable":true,"href":"https:\/\/www.sferaksiegowosci.pl\/index.php\/wp-json\/wp\/v2\/users\/1"}],"replies":[{"embeddable":true,"href":"https:\/\/www.sferaksiegowosci.pl\/index.php\/wp-json\/wp\/v2\/comments?post=1159"}],"version-history":[{"count":17,"href":"https:\/\/www.sferaksiegowosci.pl\/index.php\/wp-json\/wp\/v2\/pages\/1159\/revisions"}],"predecessor-version":[{"id":1454,"href":"https:\/\/www.sferaksiegowosci.pl\/index.php\/wp-json\/wp\/v2\/pages\/1159\/revisions\/1454"}],"wp:attachment":[{"href":"https:\/\/www.sferaksiegowosci.pl\/index.php\/wp-json\/wp\/v2\/media?parent=1159"}],"curies":[{"name":"wp","href":"https:\/\/api.w.org\/{rel}","templated":true}]}}