{"id":1157,"date":"2018-06-20T08:02:57","date_gmt":"2018-06-20T08:02:57","guid":{"rendered":"http:\/\/www.sferaksiegowosci.pl\/index.php\/about-us\/"},"modified":"2025-01-22T11:55:49","modified_gmt":"2025-01-22T11:55:49","slug":"about-us","status":"publish","type":"page","link":"https:\/\/www.sferaksiegowosci.pl\/index.php\/about-us\/","title":{"rendered":"O nas"},"content":{"rendered":"\t\t<div data-elementor-type=\"wp-post\" data-elementor-id=\"1157\" class=\"elementor elementor-1157\">\n\t\t\t\t\t\t<section class=\"elementor-section elementor-top-section elementor-element elementor-element-3244f96c elementor-section-content-middle elementor-reverse-mobile elementor-section-boxed elementor-section-height-default elementor-section-height-default\" data-id=\"3244f96c\" data-element_type=\"section\">\n\t\t\t\t\t\t<div class=\"elementor-container elementor-column-gap-wider\">\n\t\t\t\t\t<div class=\"aux-parallax-section elementor-column elementor-col-50 elementor-top-column elementor-element elementor-element-567c8928\" data-id=\"567c8928\" data-element_type=\"column\">\n\t\t\t<div class=\"elementor-widget-wrap elementor-element-populated\">\n\t\t\t\t\t\t<div class=\"elementor-element elementor-element-53f8c0a6 aux-appear-watch-animation aux-fade-in-up elementor-widget elementor-widget-aux_modern_heading\" data-id=\"53f8c0a6\" data-element_type=\"widget\" data-widget_type=\"aux_modern_heading.default\">\n\t\t\t\t<div class=\"elementor-widget-container\">\n\t\t\t\t\t<section class=\"aux-widget-modern-heading\">\n            <div class=\"aux-widget-inner\"><h1 class=\"aux-modern-heading-primary\">Kim jeste\u015bmy?<\/h1><h3 class=\"aux-modern-heading-secondary\"><span class=\"aux-head-highlight\">Mo\u017cemy sprawi\u0107, \u017ce Twoje pomys\u0142y<br>stan\u0105 si\u0119 rzeczywisto\u015bci\u0105 \ud83d\ude42 <\/span><\/h3><div class=\"aux-modern-heading-divider\"><\/div><div class=\"aux-modern-heading-description\"><p>Nie, nie jest to magia. Staramy si\u0119 wspiera\u0107 przedsi\u0119biorc\u00f3w oraz przedsi\u0119biorczo\u015b\u0107. Jeste\u015bmy biurem rachunkowym m\u00f3wi\u0105cym ludzkim j\u0119zykiem. Nadrz\u0119dn\u0105 zasad\u0105 jest wsp\u00f3\u0142praca i dobra relacja z naszymi klientami. Obs\u0142ugujemy firmy, kt\u00f3re s\u0105 z nami blisko 20 lat. Czy chcesz do\u0142\u0105czy\u0107 do grona naszych zadowolonych klient\u00f3w?\u00a0<\/p><\/div><\/div>\n        <\/section>\t\t\t\t<\/div>\n\t\t\t\t<\/div>\n\t\t\t\t\t<\/div>\n\t\t<\/div>\n\t\t\t\t<div class=\"aux-parallax-section elementor-column elementor-col-50 elementor-top-column elementor-element elementor-element-5a396e11\" data-id=\"5a396e11\" data-element_type=\"column\">\n\t\t\t<div class=\"elementor-widget-wrap elementor-element-populated\">\n\t\t\t\t\t\t<div class=\"elementor-element elementor-element-4c8b6880 aux-appear-watch-animation aux-mask-from-left elementor-widget elementor-widget-aux_image\" data-id=\"4c8b6880\" data-element_type=\"widget\" data-widget_type=\"aux_image.default\">\n\t\t\t\t<div class=\"elementor-widget-container\">\n\t\t\t\t\t<section class=\"widget-container aux-widget-image aux-alignnone aux-parent-au9802e874\">\n    <div class=\"aux-media-hint-frame \">\n        <div class=\"aux-media-image \" >\n        \n            \n\n            \n            <img fetchpriority=\"high\" decoding=\"async\" width=\"2560\" height=\"1703\" src=\"data:image\/gif;base64,R0lGODlhAQABAIAAAAAAAP\/\/\/yH5BAEAAAAALAAAAAABAAEAAAIBRAA7\" class=\"aux-attachment aux-featured-image aux-attachment-id-1370 aux-preload aux-blank\" alt=\"Hand of a businessman supporting wooden steps for his partner to walk his fingers upwards in a conceptual image of business partnership. Over blue background.\" data-ratio=\"1.5\" data-original-w=\"2560\" data-src=\"https:\/\/www.sferaksiegowosci.pl\/wp-content\/uploads\/2021\/12\/conceptual-image-of-business-partnership-2021-08-28-11-37-11-utc-scaled.jpg\" \/>            \n                <\/div>\n    <\/div>\n\n<\/section><!-- widget-container -->\t\t\t\t<\/div>\n\t\t\t\t<\/div>\n\t\t\t\t\t<\/div>\n\t\t<\/div>\n\t\t\t\t\t<\/div>\n\t\t<\/section>\n\t\t\t\t<section class=\"elementor-section elementor-top-section elementor-element elementor-element-0ba3bd8 elementor-section-boxed elementor-section-height-default elementor-section-height-default\" data-id=\"0ba3bd8\" data-element_type=\"section\">\n\t\t\t\t\t\t<div class=\"elementor-container elementor-column-gap-no\">\n\t\t\t\t\t<div class=\"aux-parallax-section elementor-column elementor-col-100 elementor-top-column elementor-element elementor-element-2ca438c\" data-id=\"2ca438c\" data-element_type=\"column\" data-settings=\"{&quot;background_background&quot;:&quot;classic&quot;}\">\n\t\t\t<div class=\"elementor-widget-wrap elementor-element-populated\">\n\t\t\t\t\t\t<div class=\"elementor-element elementor-element-eab169d aux-appear-watch-animation aux-fade-in-up elementor-widget elementor-widget-aux_modern_heading\" data-id=\"eab169d\" data-element_type=\"widget\" data-widget_type=\"aux_modern_heading.default\">\n\t\t\t\t<div class=\"elementor-widget-container\">\n\t\t\t\t\t<section class=\"aux-widget-modern-heading\">\n            <div class=\"aux-widget-inner\"><h2 class=\"aux-modern-heading-primary\"><\/h2><h3 class=\"aux-modern-heading-secondary\"><span class=\"aux-head-before\">Dlaczego wybierzesz nas?<\/span><\/h3><div class=\"aux-modern-heading-divider\"><\/div><\/div>\n        <\/section>\t\t\t\t<\/div>\n\t\t\t\t<\/div>\n\t\t\t\t<div class=\"elementor-element elementor-element-91915c5 elementor-widget__width-initial aux-appear-watch-animation aux-fade-in-up-1 elementor-widget elementor-widget-aux_text\" data-id=\"91915c5\" data-element_type=\"widget\" data-widget_type=\"aux_text.default\">\n\t\t\t\t<div class=\"elementor-widget-container\">\n\t\t\t\t\t<section class=\"widget-container aux-widget-text aux-parent-aucc224a91\">        <div class=\"aux-widget-advanced-text aux-wrap-style-simple aux-ico-pos-left aux-text-left aux-text-resp- aux-text-color-dark aux-text-widget-bg-center  aux-text-padding-fix \" >\n        \n                            <div class=\"aux-text-widget-header \"  >\n                        <div class=\"aux-ico-box aux-ico-large aux-ico-shape-circle aux-ico-clear \">\n                            <i aria-hidden=\"true\" class=\"aux-ico fas fa-university\"><\/i>                        <\/div>\n                <\/div>\n            \n            <div class=\"aux-text-inner aux-text-widget-content\">\n                                <h4 class=\"col-title\">Kwalifikacje<\/h4>\n                                <div class=\"widget-content\">\n                                        <p>Nie jeste\u015bmy ksi\u0119gowymi tylko z nazwy. Ci\u0119\u017cko pracowa\u0142y\u015bmy, aby zdoby\u0107 kierunkowe wykszta\u0142cenie. Dzi\u0119ki temu obs\u0142uguje Ci\u0119 utytu\u0142owany specjalista, kt\u00f3ry ju\u017c od momentu edukacji wie co chce robi\u0107. Zatem opr\u00f3cz umiej\u0119tno\u015bci mo\u017cemy pochwali\u0107 si\u0119 zdobytym wykszta\u0142ceniem, jak r\u00f3wnie\u017c szkoleniami u renomonowanych firm w\u015br\u00f3d ksi\u0119gowych (SKwP, Monika Smulewicz, Anna Le\u0144czowska)\u00a0<\/p>                <\/div>\n                            <\/div>\n        <\/div>\n                    <div class=\"aux-text-widget-footer\">\n                <div class=\"aux-border-shape-none \">\n                                <\/div>\n            <\/div>\n        \n<\/section><!-- widget-container -->\t\t\t\t<\/div>\n\t\t\t\t<\/div>\n\t\t\t\t<div class=\"elementor-element elementor-element-12bb6bd elementor-widget__width-initial aux-appear-watch-animation aux-fade-in-up-1 elementor-widget elementor-widget-aux_text\" data-id=\"12bb6bd\" data-element_type=\"widget\" data-widget_type=\"aux_text.default\">\n\t\t\t\t<div class=\"elementor-widget-container\">\n\t\t\t\t\t<section class=\"widget-container aux-widget-text aux-parent-au8a9e33d5\">        <div class=\"aux-widget-advanced-text aux-wrap-style-simple aux-ico-pos-left aux-text-left aux-text-resp- aux-text-color-dark aux-text-widget-bg-center  aux-text-padding-fix \" >\n        \n                            <div class=\"aux-text-widget-header \"  >\n                        <div class=\"aux-ico-box aux-ico-large aux-ico-shape-circle aux-ico-clear \">\n                            <i aria-hidden=\"true\" class=\"aux-ico far fa-comments\"><\/i>                        <\/div>\n                <\/div>\n            \n            <div class=\"aux-text-inner aux-text-widget-content\">\n                                <h4 class=\"col-title\">Komunikacja<\/h4>\n                                <div class=\"widget-content\">\n                                        <p>Jako biuro rachunkowe id\u0105ce z duchem czasu mo\u017cesz wybra\u0107 w jaki spos\u00f3b chcesz si\u0119 z nami kontaktowa\u0107 lub w jaki spos\u00f3b dostarcza\u0107 dokumenty. Pod tym wzgl\u0119dem mamy kilka rozwi\u0105za\u0144, kt\u00f3re mog\u0105 przenie\u015b\u0107 us\u0142ug\u0119 ksi\u0119gowo\u015bci tylko do obszaru zdalnego lub ograniczy\u0107 konieczno\u015b\u0107 wizyt w biurze. Wiemy, \u017ce w\u015br\u00f3d klient\u00f3w s\u0105 r\u00f3wnie\u017c tradycjonali\u015bci, dlatego te\u017c pod tym k\u0105tem jeste\u015bmy elastyczne.\u00a0<\/p>                <\/div>\n                            <\/div>\n        <\/div>\n                    <div class=\"aux-text-widget-footer\">\n                <div class=\"aux-border-shape-none \">\n                                <\/div>\n            <\/div>\n        \n<\/section><!-- widget-container -->\t\t\t\t<\/div>\n\t\t\t\t<\/div>\n\t\t\t\t<div class=\"elementor-element elementor-element-772e042 elementor-widget__width-initial aux-appear-watch-animation aux-fade-in-up-1 elementor-widget elementor-widget-aux_text\" data-id=\"772e042\" data-element_type=\"widget\" data-widget_type=\"aux_text.default\">\n\t\t\t\t<div class=\"elementor-widget-container\">\n\t\t\t\t\t<section class=\"widget-container aux-widget-text aux-parent-au097f68ff\">        <div class=\"aux-widget-advanced-text aux-wrap-style-simple aux-ico-pos-left aux-text-left aux-text-resp- aux-text-color-dark aux-text-widget-bg-center  aux-text-padding-fix \" >\n        \n                            <div class=\"aux-text-widget-header \"  >\n                        <div class=\"aux-ico-box aux-ico-large aux-ico-shape-circle aux-ico-clear \">\n                                                                <span class=\"aux-ico auxicon-tablet\" > <\/span>\n                                                            <\/div>\n                <\/div>\n            \n            <div class=\"aux-text-inner aux-text-widget-content\">\n                                <h4 class=\"col-title\">Proaktywno\u015b\u0107<\/h4>\n                                <div class=\"widget-content\">\n                                        <p>W obliczu ci\u0105g\u0142ych zmian chcemy zawsze by\u0107 na bie\u017c\u0105co. Korzystamy z profesjonalnego oprogramowania dla ksi\u0119gowych, kt\u00f3re informuje o zmianach w podatkach nie tylko nas, ale i WAS \ud83d\ude42 Ka\u017cdy z naszych klient\u00f3w otrzymuje \u015bwie\u017c\u0105 porcj\u0119 news\u00f3w w pigu\u0142ce czasem kilka razy w miesi\u0105cu.\u00a0<\/p>                <\/div>\n                            <\/div>\n        <\/div>\n                    <div class=\"aux-text-widget-footer\">\n                <div class=\"aux-border-shape-none \">\n                                <\/div>\n            <\/div>\n        \n<\/section><!-- widget-container -->\t\t\t\t<\/div>\n\t\t\t\t<\/div>\n\t\t\t\t<div class=\"elementor-element elementor-element-06f1f15 elementor-widget__width-initial aux-appear-watch-animation aux-fade-in-up-1 elementor-widget elementor-widget-aux_text\" data-id=\"06f1f15\" data-element_type=\"widget\" data-widget_type=\"aux_text.default\">\n\t\t\t\t<div class=\"elementor-widget-container\">\n\t\t\t\t\t<section class=\"widget-container aux-widget-text aux-parent-aufe0158ed\">        <div class=\"aux-widget-advanced-text aux-wrap-style-simple aux-ico-pos-left aux-text-left aux-text-resp- aux-text-color-dark aux-text-widget-bg-center  aux-text-padding-fix \" >\n        \n                            <div class=\"aux-text-widget-header \"  >\n                        <div class=\"aux-ico-box aux-ico-large aux-ico-shape-circle aux-ico-clear \">\n                            <i aria-hidden=\"true\" class=\"aux-ico fas fa-shield-alt\"><\/i>                        <\/div>\n                <\/div>\n            \n            <div class=\"aux-text-inner aux-text-widget-content\">\n                                <h4 class=\"col-title\">Ubezpieczenie OC<\/h4>\n                                <div class=\"widget-content\">\n                                        <p>Oczywi\u015bcie nasze biuro posiada ubezpieczenie OC. Zapewnia to bezpiecze\u0144stwo nie tylko nam jako ksi\u0119gowym, ale chroni r\u00f3wnie\u017c interesy klient\u00f3w.\u00a0<\/p>                <\/div>\n                            <\/div>\n        <\/div>\n                    <div class=\"aux-text-widget-footer\">\n                <div class=\"aux-border-shape-none \">\n                                <\/div>\n            <\/div>\n        \n<\/section><!-- widget-container -->\t\t\t\t<\/div>\n\t\t\t\t<\/div>\n\t\t\t\t\t<\/div>\n\t\t<\/div>\n\t\t\t\t\t<\/div>\n\t\t<\/section>\n\t\t\t\t<section class=\"elementor-section elementor-top-section elementor-element elementor-element-2e0c7dd0 elementor-section-boxed elementor-section-height-default elementor-section-height-default\" data-id=\"2e0c7dd0\" data-element_type=\"section\">\n\t\t\t\t\t\t<div class=\"elementor-container elementor-column-gap-default\">\n\t\t\t\t\t<div class=\"aux-parallax-section elementor-column elementor-col-100 elementor-top-column elementor-element elementor-element-2941280b\" data-id=\"2941280b\" data-element_type=\"column\">\n\t\t\t<div class=\"elementor-widget-wrap elementor-element-populated\">\n\t\t\t\t\t\t<div class=\"elementor-element elementor-element-5a744040 aux-appear-watch-animation aux-fade-in-up elementor-widget elementor-widget-aux_modern_heading\" data-id=\"5a744040\" data-element_type=\"widget\" data-widget_type=\"aux_modern_heading.default\">\n\t\t\t\t<div class=\"elementor-widget-container\">\n\t\t\t\t\t<section class=\"aux-widget-modern-heading\">\n            <div class=\"aux-widget-inner\"><h1 class=\"aux-modern-heading-primary\">Kim jeste\u015bmy? <\/h1><h3 class=\"aux-modern-heading-secondary\"><span class=\"aux-head-highlight\">Kto tworzy Sfer\u0119 Ksi\u0119gowo\u015bci? <\/span><\/h3><div class=\"aux-modern-heading-divider\"><\/div><\/div>\n        <\/section>\t\t\t\t<\/div>\n\t\t\t\t<\/div>\n\t\t\t\t<section class=\"elementor-section elementor-inner-section elementor-element elementor-element-fcc5df4 elementor-section-full_width elementor-section-height-default elementor-section-height-default\" data-id=\"fcc5df4\" data-element_type=\"section\">\n\t\t\t\t\t\t<div class=\"elementor-container elementor-column-gap-wide\">\n\t\t\t\t\t<div class=\"aux-parallax-section elementor-column elementor-col-50 elementor-inner-column elementor-element elementor-element-4e4c1b79 aux-appear-watch-animation aux-fade-in-right\" data-id=\"4e4c1b79\" data-element_type=\"column\">\n\t\t\t<div class=\"elementor-widget-wrap elementor-element-populated\">\n\t\t\t\t\t\t<div class=\"elementor-element elementor-element-1ab27535 elementor-widget elementor-widget-aux_staff\" data-id=\"1ab27535\" data-element_type=\"widget\" data-widget_type=\"aux_staff.default\">\n\t\t\t\t<div class=\"elementor-widget-container\">\n\t\t\t\t\t<section class=\"aux-wrap-style-simple widget-container aux-widget-staff aux-parent-aud9fa1078\">    <div class=\"aux-staff-container aux-staff-pos-top aux-staff-text-center aux-staff-text-dark \" >\n            <div class=\"aux-staff-header aux-staff-img-circle\">\n            <div class=\"aux-media-image\"><img decoding=\"async\" width=\"150\" height=\"150\" src=\"image\/gif;base64,R0lGODlhAQABAIAAAAAAAP\/\/\/yH5BAEAAAAALAAAAAABAAEAAAIBRAA7\" class=\" aux-preload aux-blank\" alt=\"445000984_25879287371718065_1389947537068370155_n\" data-ratio=\"1\" data-original-w=\"1364\" data-srcset=\"https:\/\/www.sferaksiegowosci.pl\/wp-content\/uploads\/2024\/08\/445000984_25879287371718065_1389947537068370155_n-150x150.jpg 150w,https:\/\/www.sferaksiegowosci.pl\/wp-content\/uploads\/2024\/08\/445000984_25879287371718065_1389947537068370155_n-300x300.jpg 300w,https:\/\/www.sferaksiegowosci.pl\/wp-content\/uploads\/2024\/08\/445000984_25879287371718065_1389947537068370155_n-768x768.jpg 768w,https:\/\/www.sferaksiegowosci.pl\/wp-content\/uploads\/2024\/08\/445000984_25879287371718065_1389947537068370155_n-1024x1024.jpg 1024w,https:\/\/www.sferaksiegowosci.pl\/wp-content\/uploads\/2024\/08\/445000984_25879287371718065_1389947537068370155_n-150x150.jpg 150w\" data-src=\"https:\/\/www.sferaksiegowosci.pl\/wp-content\/uploads\/2024\/08\/445000984_25879287371718065_1389947537068370155_n-150x150.jpg\" \/><\/div>        <\/div>\n            <div class=\"aux-staff-content\">\n                        <h4 class=\"col-title\">Asteria Krukowska<\/h4>\n                        <h5 class=\"col-subtitle\">W\u0142a\u015bcicielka biura\/Ksi\u0119gowa<\/h5>\n                        <div class=\"entry-content\">\n                                Jestem ksi\u0119gow\u0105 od 1997 roku. Posiadam wykszta\u0142cenie wy\u017csze magisterskie o kierunku oczywi\u015bcie \ud83d\ude42 Finanse i Rachunkowo\u015b\u0107. Specjalizuje si\u0119 w rozliczaniu firm z r\u00f3\u017cnych bran\u017c, do\u015bwiadczenie w ksi\u0119gowo\u015bci pozwoli\u0142o mi zapozna\u0107 si\u0119 z wi\u0119kszo\u015bci\u0105 z nich. Rozliczam PIT, CIT, VAT, ZUS, kadry i p\u0142ace. Po\u0142\u0105czenie wiedzy praktycznej z teori\u0105 daje mi mocne podstawy w zakresie ksi\u0119gowo\u015bci. Opr\u00f3cz pracy w biurze stacjonarnym, od ponad 3 lat pracuje jako ksi\u0119gowa online w firmie inFakt. Praca jako ksi\u0119gowa on-line pozwoli\u0142a mi spotka\u0107 ogrom przypadk\u00f3w ksi\u0119gowych, co przek\u0142ada si\u0119 na jeszcze wi\u0119ksze do\u015bwiadczenie. W pracy najwa\u017cniejszy jest dla mnie klient i dobre relacje. Zapraszam do wsp\u00f3\u0142pracy!            <\/div>\n                        <div class=\"aux-staff-footer aux-small aux-horizontal\">\n                    <ul class=\"aux-social-list\">\n\n                                            <li>\n                            <a class=\"facebook\" href=\"https:\/\/www.facebook.com\/PhenoMENal.com.pl.sklep\" target=\"_blank\"><span class=\"auxicon-facebook\"><\/span>\n                            <\/a>\n                        <\/li>\n                                                                <li>\n                            <a class=\"linkedin\" href=\"https:\/\/www.linkedin.com\/in\/asteria-krukowska\/\" target=\"_blank\"><span class=\"auxicon-linkedin\"><\/span>\n                            <\/a>\n                        <\/li>\n                                                                                                                                                                                                      <\/ul>\n           <\/div>\n                    <\/div>\n\n    <\/div>\n\n\n<\/section><!-- widget-container -->\t\t\t\t<\/div>\n\t\t\t\t<\/div>\n\t\t\t\t\t<\/div>\n\t\t<\/div>\n\t\t\t\t<div class=\"aux-parallax-section elementor-column elementor-col-50 elementor-inner-column elementor-element elementor-element-695d7aa2 aux-appear-watch-animation aux-fade-in-right\" data-id=\"695d7aa2\" data-element_type=\"column\">\n\t\t\t<div class=\"elementor-widget-wrap elementor-element-populated\">\n\t\t\t\t\t\t<div class=\"elementor-element elementor-element-757c6c34 elementor-widget elementor-widget-aux_staff\" data-id=\"757c6c34\" data-element_type=\"widget\" data-widget_type=\"aux_staff.default\">\n\t\t\t\t<div class=\"elementor-widget-container\">\n\t\t\t\t\t<section class=\"aux-wrap-style-simple widget-container aux-widget-staff aux-parent-aubc673f0d\">    <div class=\"aux-staff-container aux-staff-pos-top aux-staff-text-center aux-staff-text-dark \" >\n            <div class=\"aux-staff-header aux-staff-img-circle\">\n            <div class=\"aux-media-image\"><img decoding=\"async\" width=\"150\" height=\"150\" src=\"image\/gif;base64,R0lGODlhAQABAIAAAAAAAP\/\/\/yH5BAEAAAAALAAAAAABAAEAAAIBRAA7\" class=\" aux-preload aux-blank\" alt=\"IMG_7498 (1)\" data-ratio=\"1\" data-original-w=\"2138\" data-srcset=\"https:\/\/www.sferaksiegowosci.pl\/wp-content\/uploads\/2024\/08\/IMG_7498-1-150x150.jpg 150w,https:\/\/www.sferaksiegowosci.pl\/wp-content\/uploads\/2024\/08\/IMG_7498-1-300x300.jpg 300w,https:\/\/www.sferaksiegowosci.pl\/wp-content\/uploads\/2024\/08\/IMG_7498-1-768x768.jpg 768w,https:\/\/www.sferaksiegowosci.pl\/wp-content\/uploads\/2024\/08\/IMG_7498-1-1024x1024.jpg 1024w,https:\/\/www.sferaksiegowosci.pl\/wp-content\/uploads\/2024\/08\/IMG_7498-1-150x150.jpg 150w\" data-src=\"https:\/\/www.sferaksiegowosci.pl\/wp-content\/uploads\/2024\/08\/IMG_7498-1-150x150.jpg\" \/><\/div>        <\/div>\n            <div class=\"aux-staff-content\">\n                        <h4 class=\"col-title\">Arletta Krukowska<\/h4>\n                        <h5 class=\"col-subtitle\">Ksi\u0119gowa<\/h5>\n                        <div class=\"entry-content\">\n                                Pracuje w ksi\u0119gowo\u015bci od 2019 roku. Uko\u0144czy\u0142am studia wy\u017csze magisterskie o kierunku Finanse i Rachunkowo\u015b\u0107, a wcze\u015bniej Zesp\u00f3\u0142 Szk\u00f3\u0142 Ekonomicznych zdobywaj\u0105c tytu\u0142 technika ekonomisty. Ponadto stale inwestuje w szkolenia podnosz\u0105ce kwalifikacje w ksi\u0119gowo\u015bci.W 2021 roku r\u00f3wnie\u017c wsp\u00f3\u0142pracowa\u0142am z inFakt zdobywaj\u0105c tym samym cenne praktyczne do\u015bwiadczenie na stanowisku Mobilny Specjalista ds Ksi\u0119gowo\u015bci. W tym momencie w mojej pracy samodzielnie w pe\u0142ni rozliczam firmy z nami wsp\u00f3\u0142pracuj\u0105ce. Prac\u0119 wykonuje pod okiem mojej mamy. W pracy lubi\u0119 uporz\u0105dkowanie oraz sprawno\u015b\u0107 dzia\u0142ania \ud83d\ude42 Opr\u00f3cz rozliczania klient\u00f3w w biurze jestem odpowiedzialna za kontakt z klientem oraz informowanie o wszelkich zmianach.            <\/div>\n                        <div class=\"aux-staff-footer aux-small aux-horizontal\">\n                    <ul class=\"aux-social-list\">\n\n                                            <li>\n                            <a class=\"facebook\" href=\"https:\/\/www.facebook.com\/arletta.krukowska\/\" target=\"_blank\"><span class=\"auxicon-facebook\"><\/span>\n                            <\/a>\n                        <\/li>\n                                                                <li>\n                            <a class=\"linkedin\" href=\"https:\/\/www.linkedin.com\/in\/arletta-krukowska-9b085a226\" target=\"_blank\"><span class=\"auxicon-linkedin\"><\/span>\n                            <\/a>\n                        <\/li>\n                                                                                                                                                                                                      <\/ul>\n           <\/div>\n                    <\/div>\n\n    <\/div>\n\n\n<\/section><!-- widget-container -->\t\t\t\t<\/div>\n\t\t\t\t<\/div>\n\t\t\t\t\t<\/div>\n\t\t<\/div>\n\t\t\t\t\t<\/div>\n\t\t<\/section>\n\t\t\t\t\t<\/div>\n\t\t<\/div>\n\t\t\t\t\t<\/div>\n\t\t<\/section>\n\t\t\t\t<section class=\"elementor-section elementor-top-section elementor-element elementor-element-21398a5c elementor-section-height-min-height aux-appear-watch-animation aux-fade-in-up elementor-section-boxed elementor-section-height-default elementor-section-items-middle\" data-id=\"21398a5c\" data-element_type=\"section\" data-settings=\"{&quot;background_background&quot;:&quot;gradient&quot;}\">\n\t\t\t\t\t\t<div class=\"elementor-container elementor-column-gap-default\">\n\t\t\t\t\t<div class=\"aux-parallax-section elementor-column elementor-col-100 elementor-top-column elementor-element elementor-element-24a2efb9\" data-id=\"24a2efb9\" data-element_type=\"column\">\n\t\t\t<div class=\"elementor-widget-wrap elementor-element-populated\">\n\t\t\t\t\t\t<div class=\"elementor-element elementor-element-e1383d0 elementor-widget elementor-widget-aux_modern_heading\" data-id=\"e1383d0\" data-element_type=\"widget\" data-widget_type=\"aux_modern_heading.default\">\n\t\t\t\t<div class=\"elementor-widget-container\">\n\t\t\t\t\t<section class=\"aux-widget-modern-heading\">\n            <div class=\"aux-widget-inner\"><h2 class=\"aux-modern-heading-primary\">Zaplanujmy wsp\u00f3lnie Twoj\u0105 firm\u0119.<\/h2><\/div>\n        <\/section>\t\t\t\t<\/div>\n\t\t\t\t<\/div>\n\t\t\t\t\t<\/div>\n\t\t<\/div>\n\t\t\t\t\t<\/div>\n\t\t<\/section>\n\t\t\t\t<\/div>\n\t\t","protected":false},"excerpt":{"rendered":"<p>Kim jeste\u015bmy? Mo\u017cemy sprawi\u0107, \u017ce Twoje pomys\u0142ystan\u0105 si\u0119 rzeczywisto\u015bci\u0105 \ud83d\ude42 Nie, nie jest to magia. Staramy si\u0119 wspiera\u0107 przedsi\u0119biorc\u00f3w oraz przedsi\u0119biorczo\u015b\u0107. Jeste\u015bmy biurem rachunkowym m\u00f3wi\u0105cym ludzkim j\u0119zykiem. Nadrz\u0119dn\u0105 zasad\u0105 jest wsp\u00f3\u0142praca i dobra relacja z naszymi klientami. Obs\u0142ugujemy firmy, kt\u00f3re s\u0105 z nami blisko 20 lat. Czy chcesz do\u0142\u0105czy\u0107 do grona naszych zadowolonych klient\u00f3w?\u00a0 Dlaczego [&hellip;]<\/p>\n","protected":false},"author":1,"featured_media":0,"parent":0,"menu_order":0,"comment_status":"closed","ping_status":"closed","template":"","meta":{"footnotes":""},"class_list":["post-1157","page","type-page","status-publish","hentry"],"_links":{"self":[{"href":"https:\/\/www.sferaksiegowosci.pl\/index.php\/wp-json\/wp\/v2\/pages\/1157","targetHints":{"allow":["GET"]}}],"collection":[{"href":"https:\/\/www.sferaksiegowosci.pl\/index.php\/wp-json\/wp\/v2\/pages"}],"about":[{"href":"https:\/\/www.sferaksiegowosci.pl\/index.php\/wp-json\/wp\/v2\/types\/page"}],"author":[{"embeddable":true,"href":"https:\/\/www.sferaksiegowosci.pl\/index.php\/wp-json\/wp\/v2\/users\/1"}],"replies":[{"embeddable":true,"href":"https:\/\/www.sferaksiegowosci.pl\/index.php\/wp-json\/wp\/v2\/comments?post=1157"}],"version-history":[{"count":12,"href":"https:\/\/www.sferaksiegowosci.pl\/index.php\/wp-json\/wp\/v2\/pages\/1157\/revisions"}],"predecessor-version":[{"id":1465,"href":"https:\/\/www.sferaksiegowosci.pl\/index.php\/wp-json\/wp\/v2\/pages\/1157\/revisions\/1465"}],"wp:attachment":[{"href":"https:\/\/www.sferaksiegowosci.pl\/index.php\/wp-json\/wp\/v2\/media?parent=1157"}],"curies":[{"name":"wp","href":"https:\/\/api.w.org\/{rel}","templated":true}]}}